inder when 3795 is divided by 194?
109
What is the remainder when 32617 is divided by 131?
129
What is the remainder when 6367 is divided by 556?
251
What is the remainder when 2776 is divided by 150?
76
Calculate the remainder when 159269 is divided by 2.
1
What is the remainder when 651743 is divided by 124?
123
Calculate the remainder when 4070 is divided by 372.
350
Calculate the remainder when 36800 is divided by 1472.
0
Calculate the remainder when 4043 is divided by 10.
3
What is the remainder when 6240 is divided by 167?
61
Calculate the remainder when 23704 is divided by 23685.
19
What is the remainder when 3361 is divided by 441?
274
Calculate the remainder when 225916 is divided by 362.
28
What is the remainder when 698 is divided by 643?
55
What is the remainder when 11470 is divided by 1475?
1145
Calculate the remainder when 7316 is divided by 2418.
62
What is the remainder when 3304 is divided by 1044?
172
Calculate the remainder when 14046 is divided by 74.
60
What is the remainder when 5691 is divided by 947?
9
What is the remainder when 389 is divided by 343?
46
Calculate the remainder when 769316 is divided by 15.
11
What is the remainder when 3277 is divided by 910?
547
Calculate the remainder when 538776 is divided by 110.
106
What is the remainder when 91044 is divided by 1858?
2
What is the remainder when 1333 is divided by 105?
73
What is the remainder when 10012 is divided by 109?
93
What is the remainder when 2337 is divided by 1075?
187
Calculate the remainder when 665 is divided by 117.
80
What is the remainder when 14397 is divided by 426?
339
What is the remainder when 1387 is divided by 465?
457
What is the remainder when 92364 is divided by 1246?
160
Calculate the remainder when 139909 is divided by 27981.
4
Calculate the remainder when 4092 is divided by 9.
6
Calculate the remainder when 11473 is divided by 129.
121
Calculate the remainder when 51633 is divided by 220.
153
Calculate the remainder when 35038 is divided by 31.
8
What is the remainder when 144722 is divided by 388?
386
Calculate the remainder when 12011 is divided by 345.
281
Calculate the remainder when 103749 is divided by 524.
521
What is the remainder when 3252 is divided by 8?
4
Calculate the remainder when 21144 is divided by 7005.
129
What is the remainder when 2982 is divided by 239?
114
Calculate the remainder when 9163 is divided by 139.
128
Calculate the remainder when 94425 is divided by 129.
126
Calculate the remainder when 46065 is divided by 11.
8
What is the remainder when 804810 is divided by 61908?
6
What is the remainder when 1615 is divided by 79?
35
What is the remainder when 4616 is divided by 2305?
6
Calculate the remainder when 21985 is divided by 46.
43
Calculate the remainder when 9925 is divided by 160.
5
Calculate the remainder when 118044 is divided by 2228.
2188
What is the remainder when 16335 is divided by 442?
423
Calculate the remainder when 9520 is divided by 78.
4
What is the remainder when 1309 is divided by 40?
29
Calculate the remainder when 33269 is divided by 26.
15
What is the remainder when 2959 is divided by 301?
250
Calculate the remainder when 9594 is divided by 1209.
1131
Calculate the remainder when 17651 is divided by 22.
7
Calculate the remainder when 431036 is divided by 160.
156
Calculate the remainder when 364238 is divided by 16.
14
What is the remainder when 1851 is divided by 52?
31
What is the remainder when 5896 is divided by 1472?
8
Calculate the remainder when 201627 is divided by 347.
20
What is the remainder when 5511938 is divided by 140?
138
What is the remainder when 200929 is divided by 200913?
16
Calculate the remainder when 42620 is divided by 2658.
92
What is the remainder when 78514 is divided by 39253?
8
Calculate the remainder when 21380 is divided by 7123.
11
Calculate the remainder when 3619 is divided by 73.
42
What is the remainder when 449 is divided by 449?
0
What is the remainder when 183571 is divided by 13?
11
Calculate the remainder when 95189 is divided by 488.
29
What is the remainder when 880368 is divided by 47?
11
Calculate the remainder when 134116 is divided by 20.
16
Calculate the remainder when 12782 is divided by 126.
56
What is the remainder when 16518 is divided by 241?
130
Calculate the remainder when 20335 is divided by 538.
429
What is the remainder when 80261 is divided by 21?
20
Calculate the remainder when 17412 is divided by 17397.
15
What is the remainder when 65607 is divided by 349?
344
Calculate the remainder when 191493 is divided by 4352.
5
What is the remainder when 121003 is divided by 56?
43
What is the remainder when 4720 is divided by 1464?
328
Calculate the remainder when 8814565 is divided by 86.
81
Calculate the remainder when 5202 is divided by 157.
21
Calculate the remainder when 17159 is divided by 318.
305
What is the remainder when 965 is divided by 390?
185
Calculate the remainder when 7919 is divided by 361.
338
Calculate the remainder when 39077 is divided by 4341.
8
Calculate the remainder when 1722878 is divided by 307.
301
Calculate the remainder when 1438 is divided by 540.
358
What is the remainder when 1435 is divided by 36?
31
What is the remainder when 1635 is divided by 785?
65
Calculate the remainder when 6491 is divided by 324.
11
What is the remainder when 102528 is divided by 13?
10
Calculate the remainder when 2923575 is divided by 73.
71
Calculate the remainder when 62 is divided by 16.
14
What is the remainder when 54150 is divided by 105?
75
What is the remainder when 107595 is divided by 237?
234
Calculate the remainder when 91226 is divided by 773.
12
Calculate the remainder when 5958 is divided by 1373.
466
Calculate the remainder when 18972 is divided by 18950.
22
Calculate the remainder when 138112 is divided by 1588.
1544
Calculate the remainder when 4232 is divided by 1357.
161
Calculate the remainder when 8638 is divided by 776.
102
Calculate the remainder when 660 is divided by 60.
0
Calculate the remainder when 9186 is divided by 153.
6
What is the remainder when 2514454 is divided by 54?
52
Calculate the remainder when 753 is divided by 175.
53
What is the remainder when 71708 is divided by 364?
0
Calculate the remainder when 16644 is divided by 4007.
616
Calculate the remainder when 1928 is divided by 515.
383
What is the remainder when 1269622 is divided by 580?
2
Calculate the remainder when 490890 is divided by 13.
10
What is the remainder when 39729 is divided by 3611?
8
Calculate the remainder when 1624 is divided by 71.
62
Calculate the remainder when 458 is divided by 16.
10
Calculate the remainder when 974804 is divided by 243698.
12
What is the remainder when 20367 is divided by 2907?
18
What is the remainder when 23917 is divided by 208?
205
What is the remainder when 9009 is divided by 339?
195
Calculate the remainder when 2463 is divided by 1090.
283
Calculate the remainder when 85747 is divided by 709.
667
What is the remainder when 1132 is divided by 568?
564
What is the remainder when 361541 is divided by 16433?
15
Calculate the remainder when 585758 is divided by 97.
72
What is the remainder when 163 is divided by 77?
9
What is the remainder when 32101 is divided by 1527?
34
Calculate the remainder when 316 is divided by 236.
80
Calculate the remainder when 161445 is divided by 7.
4
What is the remainder when 661015 is divided by 34790?
5
What is the remainder when 119741 is divided by 1222?
1207
Calculate the remainder when 75916 is divided by 358.
20
Calculate the remainder when 8963 is divided by 14.
3
What is the remainder when 358377 is divided by 110?
107
What is the remainder when 17836 is divided by 5793?
457
Calculate the remainder when 4021 is divided by 390.
121
What is the remainder when 153072 is divided by 539?
535
What is the remainder when 197289 is divided by 6?
3
What is the remainder when 13767 is divided by 3441?
3
What is the remainder when 15326 is divided by 24?
14
What is the remainder when 30883 is divided by 309?
292
What is the remainder when 332458 is divided by 26?
22
Calculate the remainder when 4573 is divided by 33.
19
What is the remainder when 3078 is divided by 56?
54
Calculate the remainder when 1753 is divided by 740.
273
Calculate the remain